mainder when 48841 is divided by 2945?
1721
What is the remainder when 739127743 is divided by 2087?
2084
What is the remainder when 217495 is divided by 15534?
19
Calculate the remainder when 287048 is divided by 95558.
374
Calculate the remainder when 211172 is divided by 206878.
4294
Calculate the remainder when 62428452 is divided by 536.
532
Calculate the remainder when 719937 is divided by 119986.
21
What is the remainder when 1354348862 is divided by 973?
972
What is the remainder when 24340409 is divided by 78?
41
Calculate the remainder when 212357 is divided by 21227.
87
Calculate the remainder when 368515 is divided by 122770.
205
Calculate the remainder when 9222224 is divided by 380.
4
What is the remainder when 13134 is divided by 623?
51
What is the remainder when 177926740 is divided by 24?
4
Calculate the remainder when 1091089 is divided by 5683.
5636
What is the remainder when 3632498 is divided by 1247?
1234
What is the remainder when 3691211 is divided by 527310?
41
What is the remainder when 1089465 is divided by 1701?
825
Calculate the remainder when 53367 is divided by 25234.
2899
What is the remainder when 1085619 is divided by 1475?
19
What is the remainder when 125078821 is divided by 62539410?
1
Calculate the remainder when 503438 is divided by 692.
354
What is the remainder when 219097 is divided by 83?
60
Calculate the remainder when 551610 is divided by 183110.
2280
What is the remainder when 534422 is divided by 14057?
256
Calculate the remainder when 54449637 is divided by 4182.
4179
Calculate the remainder when 20553 is divided by 284.
105
Calculate the remainder when 548662 is divided by 12.
10
Calculate the remainder when 1087098 is divided by 51766.
12
What is the remainder when 7873194 is divided by 191?
174
Calculate the remainder when 1094584 is divided by 11055.
139
Calculate the remainder when 211697 is divided by 3583.
300
Calculate the remainder when 5298880 is divided by 6.
4
What is the remainder when 32782 is divided by 384?
142
What is the remainder when 338743732 is divided by 137?
135
Calculate the remainder when 630389 is divided by 17510.
29
What is the remainder when 1224060 is divided by 5255?
4900
What is the remainder when 621747 is divided by 45?
27
What is the remainder when 6764510 is divided by 548?
546
Calculate the remainder when 125698 is divided by 3308.
3302
What is the remainder when 4474405 is divided by 834?
829
What is the remainder when 782335 is divided by 796?
663
What is the remainder when 532574 is divided by 6741?
35
What is the remainder when 1290563 is divided by 797?
220
What is the remainder when 146441 is divided by 20912?
57
What is the remainder when 1722664 is divided by 132?
64
What is the remainder when 163565206 is divided by 9?
7
What is the remainder when 1393261 is divided by 342?
295
Calculate the remainder when 78738442 is divided by 4144128.
10
What is the remainder when 299347 is divided by 3188?
2863
Calculate the remainder when 996916 is divided by 2144.
2100
Calculate the remainder when 1475102 is divided by 647.
589
Calculate the remainder when 246105199 is divided by 5.
4
Calculate the remainder when 37638826 is divided by 18819408.
10
What is the remainder when 726303 is divided by 474?
135
Calculate the remainder when 84656 is divided by 286.
0
Calculate the remainder when 1474289 is divided by 737093.
103
What is the remainder when 202550 is divided by 100030?
2490
What is the remainder when 10944991 is divided by 422?
421
What is the remainder when 245426718 is divided by 461?
460
Calculate the remainder when 1884344 is divided by 1154.
1016
What is the remainder when 12011 is divided by 210?
41
Calculate the remainder when 159051 is divided by 990.
651
Calculate the remainder when 3509449 is divided by 925.
924
What is the remainder when 46042669 is divided by 1066?
1063
Calculate the remainder when 642806 is divided by 213995.
821
Calculate the remainder when 9859244 is divided by 821601.
32
What is the remainder when 44174271 is divided by 421?
4
What is the remainder when 430812 is divided by 231?
228
What is the remainder when 664420245 is divided by 1224?
1221
Calculate the remainder when 36456591 is divided by 319.
314
What is the remainder when 6591128 is divided by 6802?
6792
What is the remainder when 1963242 is divided by 490789?
86
What is the remainder when 3577310 is divided by 1871?
1829
Calculate the remainder when 22976746 is divided by 271.
11
What is the remainder when 731852 is divided by 15571?
15
Calculate the remainder when 2051864 is divided by 46.
34
Calculate the remainder when 125815792 is divided by 4007.
4006
What is the remainder when 12546365 is divided by 376?
373
What is the remainder when 8852914 is divided by 94?
88
What is the remainder when 3382439 is divided by 137?
46
What is the remainder when 57472177 is divided by 53?
37
What is the remainder when 14978686 is divided by 29?
12
What is the remainder when 33420760 is divided by 3803?
3799
What is the remainder when 182081 is divided by 444?
41
What is the remainder when 1473314 is divided by 21?
17
Calculate the remainder when 100963510 is divided by 490.
480
What is the remainder when 59466 is divided by 14675?
766
What is the remainder when 12426106 is divided by 370?
26
Calculate the remainder when 2953236 is divided by 41017.
12
What is the remainder when 149819806 is divided by 119?
115
Calculate the remainder when 160775 is divided by 33.
32
Calculate the remainder when 1298231 is divided by 75.
56
Calculate the remainder when 882749 is divided by 44136.
29
Calculate the remainder when 3476689 is divided by 1158869.
82
What is the remainder when 312005 is divided by 743?
688
What is the remainder when 782274 is divided by 9203?
19
Calculate the remainder when 351530 is divided by 175699.
132
Calculate the remainder when 42986485 is divided by 2149324.
5
What is the remainder when 19918699 is divided by 19918668?
31
What is the remainder when 8924645 is divided by 36?
29
What is the remainder when 183421 is divided by 61104?
109
What is the remainder when 424213 is divided by 212077?
59
What is the remainder when 835373 is divided by 43965?
38
What is the remainder when 10575731 is divided by 442?
439
What is the remainder when 5931119 is divided by 16?
15
What is the remainder when 4923 is divided by 984?
3
What is the remainder when 3550429 is divided by 102?
13
Calculate the remainder when 356290 is divided by 891.
781
Calculate the remainder when 3616332 is divided by 35.
27
What is the remainder when 2189116 is divided by 25454?
72
What is the remainder when 3010232 is divided by 33?
5
What is the remainder when 629517 is divided by 20961?
687
What is the remainder when 110112 is divided by 6477?
3
Calculate the remainder when 66827701 is divided by 1310347.
4
What is the remainder when 728227 is divided by 522?
37
Calculate the remainder when 93479688 is divided by 61.
55
What is the remainder when 8587063 is divided by 7951?
7934
Calculate the remainder when 4659132 is divided by 1315.
87
Calculate the remainder when 4094637 is divided by 2047317.
3
What is the remainder when 6196677 is divided by 15?
12
What is the remainder when 46533 is divided by 312?
45
Calculate the remainder when 17295000 is divided by 13.
8
What is the remainder when 416012 is divided by 207997?
18
Calculate the remainder when 3553287 is divided by 35181.
6
What is the remainder when 146973 is divided by 3810?
2193
Calculate the remainder when 8258823 is divided by 56.
55
What is the remainder when 2801921 is divided by 181?
41
Calculate the remainder when 23422286 is divided by 3346032.
62
What is the remainder when 651605 is divided by 376?
373
What is the remainder when 24914735 is divided by 594?
593
Calculate the remainder when 3121299 is divided by 10.
9
What is the remainder when 135257 is divided by 33810?
17
Calculate the remainder when 208238 is divided by 343.
37
What is the remainder when 31421148 is divided by 207?
204
Calculate the remainder when 3561772 is divided by 593596.
196
What is the remainder when 2377320 is divided by 1587?
1581
Calculate the remainder when 2515999 is divided by 157116.
2143
What is the remainder when 45212 is divided by 1